 - 1268/z a composite number?
False
Let m be (-1)/((-3)/9 - 0). Let o be 1379/21 + (-2)/m. Suppose 8*h - o = 3*h. Is h composite?
False
Let u be (-10)/4*16/(-10). Suppose -u*d + 749 = 9. Is d a composite number?
True
Suppose -2*n - 881 = -w, 507 = -2*w - 2*n + 2293. Is w prime?
False
Let a(o) = 2*o**3 + 3*o**2 - 7*o + 1. Is a(6) prime?
True
Suppose -j - 5*q = -4, -j + 2*q - q - 2 = 0. Is 0 + 393 + (-2)/j a prime number?
False
Suppose -8698 = -7*q - 501. Is q composite?
False
Suppose -5*q - v = -1683, -2*v - 1021 = -3*q + 3*v. Is q composite?
False
Let v(f) = 3*f**2 - 12*f - 8. Is v(-11) composite?
False
Let n = 413 + 220. Suppose k = 4*k - n. Is k a composite number?
False
Suppose -3*u = -2648 - 3889. Is u composite?
False
Let b(a) = 31*a**3 - 2*a**2 - 5*a + 5. Is b(3) prime?
True
Let r(k) = -k**3 - 7*k**2 + 5. Let l be r(-7). Suppose -3*x = l*o - 50, -1 - 3 = -4*o. Is x a composite number?
True
Is 110/3*(-18)/(-12) a prime number?
False
Suppose -10*v = -7*v - 10515. Is v a prime number?
False
Let c(t) be the third derivative of t**9/60480 - t**8/10080 + t**7/1008 - t**6/240 + t**5/20 + 2*t**2. Let k(b) be the third derivative of c(b). Is k(3) prime?
False
Suppose -5*o + 219 = -226. Is o prime?
True
Suppose 0 = -2*s - 3*o + 39, 0*o - 45 = -2*s - 5*o. Is 678/(-4)*(-10)/s prime?
True
Let y = 598 - 288. Is (1 - 0)/(10/y) a prime number?
True
Suppose -16 - 363 = -x. Is x a composite number?
False
Suppose -z - 1 = -d, -z + 3*d + 2 = 5. Let v(c) = 3*c + 157. Let n(f) = -4*f - 157. Let w(u) = 2*n(u) + 3*v(u). Is w(z) a composite number?
False
Let t(h) = -26*h - 35. Is t(-11) composite?
False
Suppose 0 = -5*j - 4*u + 129, -u + 124 = 4*j - 3*u. Is 5/((-20)/(-12))*j composite?
True
Suppose -4*a = 4*t + 3072, 3*t + 2632 + 1214 = -5*a. Let s = -534 - a. Is s a composite number?
True
Suppose 21*m - 2478 = 15*m. Is m a composite number?
True
Suppose -z + 12 = 3*z. Suppose 2*y - 32 = 2*w, -5*y + w + 45 = z*w. Is y composite?
False
Let v be 3/(12/(-44))*1. Let a(b) = -b**3 - 10*b**2 + 8*b - 14. Is a(v) prime?
True
Let s(v) = -2*v**3 - 1 + 4*v**2 + 6*v**3 - 6*v - 3*v**3. Let u be s(-5). Suppose -111 = u*f - 7*f. Is f a prime number?
True
Let g = 2 + 0. Suppose -b + 35 = -5*z, -2*z - 3*b = g*z + 28. Is (z/5 + 1)*-95 a prime number?
False
Let o = -3 + 1. Let x(p) = -p**3 - p**2 + 3*p + 1. Let z be x(o). Let f = z + 16. Is f a prime number?
False
Suppose -3*z + 2*o + o = -6, -4*z = 4*o - 24. Suppose z*k + 39 = 123. Is k composite?
True
Let f(p) = -8*p**3 - 5*p**2 - 2*p + 1. Is f(-6) prime?
False
Suppose 2*x - 3619 = -4*t + 2195, 2*t = 2*x + 2922. Let j = t - 711. Is j prime?
False
Is 1108/20 + 8/(-20) prime?
False
Let a = -35 - -65. Let w be 45 - (2/2 + -1). Suppose 6*u - u = -3*o + w, -a = -2*o + u. Is o a prime number?
False
Let c(r) = -r**3 - 7*r**2. Let z be c(-7). Suppose -3*h - 2*o - 72 + 343 = 0, z = 3*h - 5*o - 278. Is h a prime number?
False
Suppose 3*a - 244 = -4*q, 0 = -5*a + 5*q + 576 - 181. Let u = a - -131. Is u a prime number?
True
Suppose -4*f + 64 = -212. Let t = f + -4. Is t prime?
False
Suppose 0 = 4*r - 3 + 15. Is (r - (-1983)/3)/2 composite?
True
Suppose -5*l + 5*n + 2195 = 0, 2*l - 692 - 190 = n. Is l a composite number?
False
Let a be 3/(-5 - -2) - -78. Let w = a + -2. Suppose 0*x = -3*x + w. Is x prime?
False
Suppose g = 2 + 10. Suppose -i - 3*i = -g. Is i a composite number?
False
Suppose -971 - 941 = -2*x + 3*y, 0 = -2*y + 4. Is x composite?
True
Let k(r) = r**2 + 5*r. Let f be k(-5). Suppose f = 4*w + 5 - 61. Is w composite?
True
Let w be 1/(-3) + (-4)/6. Is 61/(-1)*w*2 a composite number?
True
Let x = 55 + -4. Is x a prime number?
False
Let m = -7 - -12. Suppose 292 = b + 3*s, -4*s = -1 + m. Is b a composite number?
True
Let j be (-2)/8*6*-10. Let l = j + -2. Suppose 0 = -g + l - 0. Is g a prime number?
True
Let r(h) = h**3 + 3*h**2 - 3*h - 3. Let g = 4 + -2. Let b be ((-3)/g)/((-3)/8). Is r(b) a prime number?
True
Suppose -2*v + 4*d - 28 = -4*v, 12 = 3*v - 4*d. Let s(y) = y**2 + 2*y - 9. Is s(v) prime?
True
Let u = -667 + 985. Suppose -5*w - q - 4*q + 385 = 0, -4*w = -q - u. Is w prime?
True
Let i = -650 - -1299. Is i a composite number?
True
Suppose 0 = 4*k - j - 50 - 822, 4*j = 5*k - 1090. Is k prime?
False
Suppose 0*x - 442 = -2*x. Is x composite?
True
Let s(v) = v**3 - 10*v**2 - 5*v + 37. Is s(15) a prime number?
True
Let r(u) = 6*u**3 - 3*u**2 - u - 3. Let x be r(3). Suppose x = 3*d - 633. Is d a prime number?
False
Suppose -6*d = -4*d + 14. Let h be (d - -2)*2/(-2). Suppose h*o = 4*o + 14. Is o prime?
False
Suppose -3*b + 24 = 3*p - 0*b, 0 = -5*p + 3*b. Suppose -5*f + p*f + 4 = 0. Suppose 5*v - 2*w = 299, f*v - w + 2*w - 116 = 0. Is v prime?
True
Let i(t) = -5*t**2 + 9*t - 9. Let v(g) = -4*g**2 + 8*g - 8. Let r(j) = 3*i(j) - 4*v(j). Let w be r(5). Suppose -n - w = -40. Is n composite?
True
Let i(v) = 18*v**3 + 3*v**2 - 2*v + 4. Let a be i(4). Let g = a - 685. Is g a composite number?
True
Suppose 2*s + 238 = 1712. Is s prime?
False
Is (-48)/72*4134/(-4) prime?
False
Suppose -4*n - 128 = -0*n. Let y = -11 - n. Is y composite?
True
Suppose 2*q = 5*h - 247, -251 = -5*h + 2*q - q. Let f = 98 - h. Let x = f - 12. Is x composite?
True
Suppose -3*u = 2*u. Suppose u = 3*j - 131 - 451. Is j prime?
False
Suppose 326 = 4*p - 6*v + v, 4*p + 2*v - 312 = 0. Is p a prime number?
True
Let t be (1 - 42)/(3/(-9)). Suppose -5*h + t = 13. Is h a prime number?
False
Let r(d) = 4*d + 2. Let o be r(-2). Let q(f) = f + 1. Let c be q(o). Let y(j) = j**2 + 3*j. Is y(c) composite?
True
Let c be 6*(-1 + (0 - 0)). Let b = 12 + c. Suppose b = -w + 3*w. Is w prime?
True
Suppose -u = 5*g + 7 - 4, -5*u + g - 93 = 0. Let p be u/(8/6 - 2). Let m = p - 14. Is m a composite number?
False
Suppose 0 = -18*t + 14*t + 4564. Is t prime?
False
Is (194/4)/(4/40) composite?
True
Suppose 4*b = 2*b + 134. Let x(j) = 7*j + 4. Let g be x(6). Let t = b - g. Is t composite?
True
Let c(p) = 6*p**2 + p - 1. Let q be c(1). Let j(f) = 2*f**3 - 8*f**2 - 4*f - 5. Let s be j(q). Let d = s - -48. Is d prime?
True
Is 16726/6 + (0 - 16/(-12)) composite?
False
Let q(s) = -2 - 360*s**2 + 2 + 491*s**2. Let p = -4 + 3. Is q(p) prime?
True
Let w = 0 + 0. Let h = w - 1. Is ((-5)/5)/(h/127) a prime number?
True
Suppose 0*w = -4*w + 64. Let f = 6 - 1. Suppose -s + f = -w. Is s composite?
True
Let r(p) be the second derivative of 17*p**3/6 - 3*p**2/2 - 3*p. Suppose z = 2*z - 2. Is r(z) a composite number?
False
Let l(k) = -75*k - 31. Is l(-12) a prime number?
False
Let r be (-1)/(-2) + 10/4. Is r/2*712/12 a prime number?
True
Let s be (-201)/39 - (-2)/13. Let y = s + 42. Is y prime?
True
Suppose 0 = -2*g + h + 10, -2*g + 6 = -3*h - 4. Suppose -g*l - 120 = -455. Is l prime?
True
Let d = 88 - 19. Is d composite?
True
Is (2 - -501) + 4/2 a composite number?
True
Suppose -2 = 2*f, -2*a + 6*a = f + 9. Let g(h) = 49*h. Let o be g(a). Suppose -2*j + o = -0*j. Is j prime?
False
Let j = -65 - -228. Is j prime?
True
Suppose -5*v = 5*l + 10, -3*v - 2*l - 10 = -4*v. Suppose -v*h = -2*p - 6, 0*h - 2*h + 3*p + 3 = 0. Let t = h + 1. Is t a prime number?
True
Suppose -4*m = 5*u + 65, -u + 4*m + 38 = -3*u. Let f(l) = l**2 - 11*l + 5. Let r be f(11). Is r/((1 + -4)/u) prime?
False
Let a(v) = -2*v**3 + 1. Let q be a(1). Is 9 - q*(2 - 1) composite?
True
Suppose -d - 1 = -2*q, 2*q + 4*d - 13 - 3 = 0. Is ((-913)/22)/(q/(-4)) composite?
False
Let f(c) = -33*c + 5. Is f(-6) prime?
False
Suppose 4*f = r + 2*f - 7, 3*r + 1 = -5*f. Let g be (-1)/(-6) + r/(-18). Suppose 10*w - 5*w = 25, 5*l - w - 50 = g. Is l a prime number?
True
Suppose p - 3*u - u = 10, 2*p + 4*u = -4. Let j(f) = -4*f**p + f + 7*f**2 - 1 + 0. Is j(-3) composite?
False
Let w(o) = -6*o + 10. Suppose -2*r - 2*r + 16 = -3*k, 5*k = -4*r - 48. Let z be w(k). Suppose -l + 27 = 2*q - 0*q, -5*l + z = 3*q. Is q a composite number?
False
Let o(w) = -2101*w - 7. Is o(-2) a composite number?
True
Let t = -1 - 3. Is 39/3 + (-3 - t) a prime number?
False
Let x(c) = 7*c**2 - 3*c**2 + 0*c**3 + c - c**3 + 3. Is x(4) composite?
False
Let z(d) = -31*d**2 - 12*d - 2. Let a(x) = -21*x**2 - 8*x - 1. Let r(k) = 7*a(k) - 5*z(k). Is r(-6) composite?
True
Let p(t) = 2*t + 1. Let x be p(-1). Let c = 3 + x. Suppose -c*b = -b - 10. Is b composite?
True
Let m(f) be the first deriva